*p - 186. Let l be d(30). Suppose 2*r - 1341 = 3*c, -r - l = 4*c - 967. Calculate the highest common divisor of 39 and r.
39
Suppose -7*y = -9*y + 10, -4*y = -2*r + 1388. Suppose 5*b - r = -h, -2*h + h = 2*b - 284. What is the highest common factor of b and 28?
28
Let r(y) = -3*y**3 - 2*y**2 + 6*y + 18. Let p be r(5). Let x = p + 498. Calculate the highest common factor of x and 11.
11
Suppose 0 = 26*x - 32*x - 21*x - 999. Let a(u) = 11*u + 2. Let r be a(-5). Let t = x - r. Calculate the highest common divisor of t and 8.
8
Suppose -4*c - 96 = k, -2*k - 5*c = -7*k - 430. Let h = 87 - k. Suppose -19 - 31 = -2*d. What is the highest common divisor of h and d?
25
Suppose -21*p - 8099 = -15*p - 13*p. What is the greatest common divisor of p and 801?
89
Let u(x) = x**2 + 3*x + 5. Suppose 0 = 6*o - 4*o + k + 11, 4*k = -20. Let m be u(o). Suppose 3*a - 28 - 2 = 0. What is the highest common factor of m and a?
5
Suppose -295 = -u - 5*k, -3*k - 977 = -5*u + 386. Calculate the highest common factor of 154 and u.
11
Suppose 0 = -4*b - 8, p - 2*p - 4*b + 372 = 0. Suppose 39*v - 28*v = 440. What is the greatest common divisor of p and v?
20
Let o = -11362 - -11506. Calculate the highest common factor of 54 and o.
18
Let g be (4 - 2 - 4) + 6. Suppose -z + 36 = -g*z. Let l be z/36 - 109/(-3). Calculate the highest common factor of l and 12.
12
Let m be (-432)/(-20)*(22/6 + -2)/((-16)/(-36)). Let h be (-1082)/(-10) + (-2)/10. Calculate the greatest common factor of m and h.
27
Suppose -4*v - 69*z + 66*z = -1909, 2*z + 1419 = 3*v. Calculate the highest common divisor of v and 19.
19
Let w(f) = -f**3 - 5*f**2 - 3*f - 13. Let z be w(-9). Let b = -29 + 55. What is the highest common divisor of z and b?
26
Let x(l) = -2*l**2 - 59*l + 736. Let j be x(-38). Calculate the greatest common divisor of j and 255.
15
Let s = 71 - 71. Let g(v) = v**2 - v - 10. Let c be g(s). Let r be ((-6)/9)/(c/1140). Calculate the highest common divisor of 19 and r.
19
Let j = 41 - 36. Let k be 3374/35 + 1/(j/(-2)). What is the greatest common divisor of k and 168?
24
Suppose -7*b + 4*b - 49 = 5*z, 4*b + 22 = 2*z. Let x be (-9 - b)/((-3)/(-60))*-1. What is the highest common divisor of 740 and x?
20
Suppose 104*k - 53*k - 20467 = -46*k. What is the highest common divisor of 4 and k?
1
Let a = 22834 + -12196. Calculate the highest common factor of a and 54.
54
Suppose -3*j - 2*y + 4 = -4*j, -25 = 5*y. Let p be -176*(j/(-2))/(-14). What is the greatest common divisor of p and 16?
8
Let p = -7 + 13. Suppose 0 = -p*g + 340 + 332. Suppose -g = -2*c - 34. What is the greatest common divisor of c and 26?
13
Let x(u) = -273*u - 1174. Let q be x(-28). Calculate the greatest common factor of 10 and q.
10
Suppose 0 = 2*w - a - 56, -201*a + 102 = 3*w - 198*a. What is the greatest common divisor of w and 1440?
30
Suppose 1 = 2*c - 3. Suppose c*d = -2*d + 8. Let n = -2453 - -2467. Calculate the highest common factor of d and n.
2
Let w be ((-12)/20)/((-3)/75). Let c be 1/(-6) + (-87)/(-36)*-2. Let b be c + (-105)/(-6)*2. Calculate the greatest common factor of b and w.
15
Let j be -217*(2 + 0 + -3). Suppose -4*r - 5*f = -395 - 126, -5*f = 5*r - 645. Calculate the greatest common divisor of j and r.
31
Let g = 278 + -257. Suppose g*m - 97 = 554. Calculate the greatest common factor of 31 and m.
31
Let h(y) = 24*y**2 - 227*y - 45. Let k be h(18). Calculate the highest common divisor of 45 and k.
45
Suppose -n = 2*h - 376 - 298, 5*h = -15. Calculate the highest common factor of 120 and n.
40
Let r = 21649 + -21539. What is the highest common divisor of r and 4873?
11
Let g(h) be the third derivative of 2*h**2 + 0*h - 5/6*h**3 + 1/60*h**5 + 0 - 1/12*h**4. Let x be g(7). Calculate the greatest common factor of 120 and x.
30
Let j be 5 + 44*115*7/35. Calculate the highest common divisor of 565 and j.
113
Suppose 334 + 4274 = 48*s. What is the greatest common factor of 1776 and s?
48
Suppose -89*k = -k - 94600. What is the greatest common factor of k and 125?
25
Let v(t) = -3*t**2 - 28*t - 15. Let k be v(-9). Let q be k/(-60) + (-14847)/(-30). Suppose 21*w - 16*w = q. Calculate the highest common factor of 9 and w.
9
Suppose 0 = 4*m + 5*y - 500, -3*m - 4*y + 376 = -0*y. Let p = -14 - -10. Let q be 16 + p/8*-1*-2. Calculate the greatest common factor of m and q.
15
Let q(x) = -4*x**2 - 9*x - 26. Let l be q(0). Let z = -8 - l. What is the highest common divisor of 102 and z?
6
Let f = -160 - -469. Suppose -8*q + 395 + f = 0. Let i(c) = -c**2 - 8*c - 5. Let j be i(-4). What is the greatest common divisor of j and q?
11
Let q(a) = 98*a**2 - 951*a - 29. Let z be q(10). Calculate the highest common factor of z and 29.
29
Suppose -p = -2*p + 22. Suppose 105*n = 106*n - 28. Suppose -k - 13*k = -n. What is the greatest common divisor of k and p?
2
Suppose 3*z = -0*z. Let q be 4 + -12 + (z - 4). Let u be -4 - 10/(-5) - q. What is the highest common factor of u and 40?
10
Let r = 110 - 125. Let s be 32/(-6)*135/r. Calculate the greatest common factor of s and 168.
24
Let m = 39 - 124. Let j = m + 87. Suppose l + 4*g = 173, -j*l - l + 547 = 5*g. Calculate the highest common factor of l and 27.
27
Let k be 2 + (19 - 0 - (-30)/15). Suppose 34*r - k*r = 1650. What is the highest common divisor of 18 and r?
6
Let d be (2 + 4)/(15*20/1600). Suppose -52 - 28 = -2*t. What is the greatest common divisor of t and d?
8
Let y be (6*1)/((-6)/(-4)). Suppose y*g - 25 = -g. Calculate the highest common factor of g and 5.
5
Let d = -241 - -871. Let n = d + -399. Calculate the highest common divisor of 33 and n.
33
Suppose 0 = 3*w + 3*j - 7506, 24*w + 54869 = 46*w - 3*j. Calculate the highest common factor of w and 5.
5
Let m be (-58)/18 + 3 + (-46)/(-207). Let q = 2 - -1. Suppose m = -15*h - q*h + 1080. Calculate the highest common divisor of h and 12.
12
Suppose -4*p + 75 = p + 5*i, 0 = 5*i - 10. What is the highest common factor of p and 1989?
13
Let z be (1224/(-2856))/(3/(-35)). Calculate the highest common factor of 85 and z.
5
Suppose 33*i + 9025 = 128*i. What is the highest common factor of i and 361?
19
Let d = -34 - -47. Suppose 113*j - 106*j = 35. Suppose j*q = 113 + 1122. Calculate the greatest common divisor of d and q.
13
Let x(s) = 35*s**2 + 58*s - 130. Let b be x(2). Let a be 128/9 + 4/(-18). Calculate the highest common divisor of a and b.
14
Suppose 7*f = 2*f + 1935. Let a = -225 + 60. Let y = 208 + a. What is the highest common divisor of y and f?
43
Let l = -549 - -554. Suppose l*a + 28 = 5*w - 7, 0 = w - 2*a - 4. Calculate the highest common factor of w and 2.
2
Let d be 10209422/1384 - (-5)/4. What is the highest common divisor of d and 238?
238
Suppose -2*i + 80 = -7*i. Let z be 0 + (1 - 1) - i. Suppose -640 = -21*b + 11*b. Calculate the highest common factor of b and z.
16
Let k = -86 - 350. Let y = 452 + k. What is the greatest common divisor of 512 and y?
16
Let u be (-607)/(-4) + 40/160. Let i be (u/(-12) - 1)*-33. Calculate the highest common factor of 41 and i.
41
Suppose 5*g + 27 = 2*m, 0 = 5*m + 4*g - 8 - 10. Suppose m*j = 3189 + 399. What is the greatest common divisor of 26 and j?
26
Let m(i) = i**2 + 36*i + 309. Let v be m(-22). Calculate the greatest common divisor of 271 and v.
1
Suppose -2*q + 4500 = 5*u, -302*u - 3*q - 1800 = -304*u. What is the highest common divisor of u and 375?
75
Let b(n) = -67*n + 351. Let m be b(5). Let w be (-1 + -15)/(7/(-63)). What is the highest common factor of w and m?
16
Suppose w + 3*c = 921, c - 3739 = 63*w - 67*w. Calculate the greatest common factor of 169 and w.
13
Let g(n) = -39*n - 171. Suppose 0 = x + 5*o + 26, 2*o - 5*o = 5*x + 42. Let j be g(x). Calculate the greatest common divisor of 126 and j.
63
Let p be (-2 - (-4)/(-1))*(-2807)/14. Let x = p + -715. What is the highest common divisor of 61 and x?
61
Let d(a) = -3*a**3 - 11*a**2 + 12*a + 78. Let h be d(-4). Calculate the greatest common factor of 2875 and h.
23
Let c be 39 - ((-42)/6 + 4). Suppose -w - 10 = 4*w. Let h be 46/8 + w/(-8). What is the highest common divisor of c and h?
6
Let m = -4206 + 4240. Calculate the greatest common factor of 4437 and m.
17
Suppose 402*g = 397*g + 85. Let f(h) = h**2 - 11*h + 45. Let s be f(g). What is the greatest common divisor of s and 7?
7
Let r = 623 - 105. Wh